557?
11476
In base 15, what is 632 + -47?
5da
In base 3, what is -102 - 101120212?
-101121021
In base 5, what is -10123 + -32?
-10210
In base 11, what is -17 - -66622?
66606
In base 10, what is 6727 - 63?
6664
In base 12, what is -81005 - 0?
-81005
In base 15, what is -75b - e?
-76a
In base 7, what is -3533 + 100?
-3433
In base 12, what is 53b + -204?
337
In base 14, what is -158c + 20b?
-1381
In base 7, what is -12203 - -13?
-12160
In base 6, what is 3122352 + -13?
3122335
In base 15, what is 0 - -ab465?
ab465
In base 5, what is 11 - -4201?
4212
In base 11, what is 71 + 85?
146
In base 3, what is 11020 + 22222?
111012
In base 11, what is -13 - -4a4a2?
4a48a
In base 13, what is b36 + -a73?
93
In base 4, what is 133310 - 3033?
130211
In base 8, what is 60316 + 1?
60317
In base 8, what is -4741033 + 3?
-4741030
In base 3, what is -12000 - -10020011?
10001011
In base 8, what is 130545 + -5?
130540
In base 16, what is 9036c - -5?
90371
In base 2, what is -11 - -101000011110?
101000011011
In base 7, what is 4 - -136322?
136326
In base 10, what is 164716 + 0?
164716
In base 8, what is -3235267 + 4?
-3235263
In base 12, what is 0 - -285?
285
In base 11, what is -10 + 544?
534
In base 15, what is -46 + 5ae?
568
In base 5, what is 2220 - -20?
2240
In base 5, what is 12404420 - 11?
12404404
In base 16, what is -8f - 3a?
-c9
In base 6, what is 5 - -510451?
510500
In base 14, what is 12ab658 + 0?
12ab658
In base 16, what is 46 + 527?
56d
In base 7, what is -44341 - 301?
-44642
In base 11, what is 47 + 790?
827
In base 10, what is 5 + -12458?
-12453
In base 3, what is -11 + 121220020112?
121220020101
In base 9, what is -40 - 1300?
-1340
In base 12, what is -28949 + 4?
-28945
In base 13, what is 420 - 41c?
1
In base 11, what is -32549 + -1?
-3254a
In base 12, what is -1408bb - -3?
-1408b8
In base 12, what is -5 - 92310?
-92315
In base 2, what is 0 + 10010001001000?
10010001001000
In base 12, what is 4 + 4b25?
4b29
In base 9, what is 4 - 107130?
-107125
In base 4, what is -2223131 - -31?
-2223100
In base 15, what is 3d8 - 5e?
379
In base 14, what is 68767 + 5?
6876c
In base 5, what is 0 + 224302?
224302
In base 5, what is -424 - 1132?
-2111
In base 11, what is -18 - -2123?
2106
In base 2, what is 1000100110110000100 - 0?
1000100110110000100
In base 12, what is 11 + 30259?
3026a
In base 3, what is -11211 + -1020?
-20001
In base 14, what is 5d6 - -36?
62c
In base 10, what is 109225 + 4?
109229
In base 14, what is -4 - -640d6?
640d2
In base 14, what is 2 - -2bc15?
2bc17
In base 2, what is 100010110011 - 10011?
100010100000
In base 12, what is -2 + -501799?
-50179b
In base 16, what is -d1da8 + 3?
-d1da5
In base 15, what is -d - 9d25?
-9d33
In base 13, what is 4762 + 4?
4766
In base 9, what is -4031 - -172?
-3748
In base 8, what is 144157 + 1?
144160
In base 7, what is -20661512 + -4?
-20661516
In base 2, what is 1001 - -1011011001111000?
1011011010000001
In base 13, what is 13a2b - -2b?
13a59
In base 3, what is 21010002101 + 10?
21010002111
In base 6, what is 2115523 - -3?
2115530
In base 2, what is -1010111 + 110010010001?
110000111010
In base 11, what is 0 + -62559?
-62559
In base 9, what is 27 + -2132?
-2104
In base 16, what is -3 - -224f?
224c
In base 13, what is -4 + -22a9c?
-22aa3
In base 16, what is 149b + -24?
1477
In base 4, what is 3123 - 302123?
-233000
In base 12, what is 217 - -151?
368
In base 12, what is -b - 8247?
-8256
In base 3, what is -122021 + -10012200?
-10211221
In base 10, what is -542 + 49?
-493
In base 12, what is -5 + 1924?
191b
In base 2, what is -1 + -1001011010101?
-1001011010110
In base 16, what is 3 - -45fc9?
45fcc
In base 7, what is -6 + 13465?
13456
In base 16, what is -9ae + 30?
-97e
In base 15, what is -100 + -3d43?
-3e43
In base 15, what is 37 + 53e?
576
In base 9, what is -6 - -10841?
10834
In base 5, what is 1410221 - 0?
1410221
In base 12, what is -2956b + -18?
-29587
In base 9, what is -336 + 537?
201
In base 5, what is 0 - -1233441?
1233441
In base 7, what is 4530642 + -2?
4530640
In base 10, what is 82189 - -4?
82193
In base 12, what is 2a6124 + -5?
2a611b
In base 13, what is 1 - 28b80?
-28b7c
In base 11, what is 3 + -19a37?
-19a34
In base 5, what is 42033 - -131?
42214
In base 5, what is 3133 - -10101?
13234
In base 6, what is 0 - 20453411?
-20453411
In base 10, what is -115286 - -5?
-115281
In base 8, what is 275 + 215?
512
In base 5, what is -44 + 22004?
21410
In base 9, what is 2 + -12471?
-12468
In base 2, what is 100101011001000001100 + 10?
100101011001000001110
In base 5, what is -101211233 + -4?
-101211242
In base 3, what is 2122 + 10101201?
10111100
In base 10, what is 26 + 1153?
1179
In base 9, what is 5 + 125582?
125587
In base 15, what is 182 - -2667?
27e9
In base 3, what is 10 + 202011020?
202011100
In base 10, what is 0 - -15277?
15277
In base 5, what is -1210 + 421?
-234
In base 10, what is -34063 - 41?
-34104
In base 4, what is -133110012 - -10?
-133110002
In base 11, what is 7a806 - 4?
7a802
In base 11, what is 4 - 31011?
-31008
In base 10, what is 7 - -139755?
139762
In base 7, what is -3 + -45351?
-45354
In base 2, what is -10100101 + -1101001100110?
-1101100001011
In base 11, what is 1592 + a4?
1686
In base 3, what is -1110112001001 + 0?
-1110112001001
In base 2, what is 100111 - 11101101?
-11000110
In base 5, what is -20424414 + 2?
-20424412
In base 2, what is -1000010011110111001011 + 11?
-1000010011110111001000
In base 4, what is 121 - 2233102?
-2232321
In base 15, what is -603 + 3b4?
-23e
In base 7, what is 165 + -10321?
-10123
In base 6, what is -141002 + 21?
-140541
In base 12, what is 3b + -17014?
-16b95
In base 2, what is -101010010 + -11000?
-101101010
In base 13, what is -8ba9 + -7?
-8bb3
In base 2, what is 1000101001 - -111101101101?
1000110010110
In base 10, what is -250 + -1621?
-1871
In base 9, what is 146401 - -2?
146403
In base 3, what is 10211 + 120220110?
121001021
In base 15, what is -3 - -ad47?
ad44
In base 10, what is 4587 + -45?
4542
In base 9, what is 5 - 57267?
-57262
In base 15, what is 28 + -94?
-6b
In base 9, what is 11 - 2520?
-2508
In base 3, what is 1010 - -1121100221?
1121102001
In base 3, what is -121202 - 112000?
-1010202
In base 11, what is -75 - -625?
560
In base 4, what is 12 + -1121001?
-1120323
In base 13, what is 474b - b?
4740
In base 3, what is -21222 - 111102?
-210101
In base 13, what is -2147 + 1?
-2146
In base 9, what is 23 + -6053?
-6030
In base 14, what is 3b74 + 5?
3b79
In base 11, what is -3 - -269883?
269880
In base 13, what is -19 - -50b9?
50a0
In base 16, what is -80d2 + e?
-80c4
In base 7, what is -45053 + -23?
-45106
In base 2, what is 1010011 - 11100111110?
-11011101011
In base 10, what is -216 + -24?
-240
In base 15, what is 3cbc1 - d?
3cbb3
In base 5, what is -2 + 1022234?
1022232
In base 16, what is 74 - 398?
-324
In base 11, what is -77 - 17561?
-17628
In base 14, what is 1000ac - 5?
1000a7
In base 2, what is 100000011010 - 10010000101?
1110010101
In base 5, what is 31 + 140332?
140413
In base 7, what is 16505 + 24?
16532
In base 15, what is 11a + 1?
11b
In base 7, what is -116152 + -20?
-116202
In base 15, what is 3b9 + 791?
b5a
In base 13, what is 6 + 1ba?
1c3
In base 12, what is 4 + 11817a?
118182
In base 7, what is -16613 + -11?
-16624
In base 3, what is 20111012222 + -11?
20111012211
In base 7, what is -12 + -130610?
-130622
In base 4, what is -12310211 - 13?
-12310230
In base 8, what is 3 - -20426?
20431
In base 8, what is 0 - 107553?
-107553
In base 6, what is 0 - 2544314?
-2544314
In base 3, what is 101 - 122022002?
-122021201
In base 12, what is 2 - 11a1?
-119b
In base 12, what is 1a890ba - 5?
1a890b5
In base 3, what is 11 - 211001110210?
-211001110122
In base 6, what is 1020150 + 5?
1020155
In base 2, what is 10011001 - 110001011?
-11110010
In base 16, what is -40c6 - -ad?
-4019
In base 3, what is 12 + 102110012?
102110101
In base 8, what is -4 + 730575?
730571
In base 6, what is -11022451 - 4?
-11022455
In base 10, what is -729 - 258?
-987
In base 2, what is -100101000100100100110 + -10?
-100101000100100101000
In base 14, what is 5c + 95?
113
In base 7, what is -3 + -100042?
-100045
In base 9, what is -5 + 26250?
26244
In base 11, what is -376 + 819?
453
In base 4, what is 3202 + 30030?
33232
In base 9, what is -5 - -25330?
253